e
Is (-367522 + 0/(-10))/((-2)/1) a composite number?
False
Let w(t) = 107495*t**2 - 2*t. Is w(1) a prime number?
False
Suppose 2940 = -28*d - 5656. Let j = 180 - d. Is j a prime number?
True
Let g = 394 - 221. Let h be 2 - g/(((-12)/27)/4). Suppose 2*l = l + h. Is l a composite number?
False
Suppose -4*n + n = -3*i + 29373, 4*i + 2*n - 39182 = 0. Suppose w - r = 43752, 53545 - i = w - 2*r. Is w a composite number?
False
Let u = -133 - -229. Suppose -b + 1586 = -u. Suppose 0 = -2*j + 4*i + b, 0 = -5*j + 5*i + 3931 + 269. Is j prime?
True
Let m(h) be the second derivative of 1/6*h**3 + 1/6*h**4 + 0 - 17*h + 1333/2*h**2 + 1/20*h**5. Is m(0) a composite number?
True
Suppose 3*g - 9271860 = -b, 5*b - 260053 - 5921200 = -2*g. Is g a prime number?
False
Let y = 107 - 103. Suppose 4*i = y*i - 7*i. Suppose -f - 24 + 565 = i. Is f prime?
True
Let l(w) = -w + 17. Let p be (-1)/(((-12)/39)/4). Let z be l(p). Suppose z*y = -16, -4*d - 2*y + y = -2452. Is d a composite number?
True
Suppose 2*v + 665624 - 225268 = 6*v. Is v a composite number?
True
Let x(c) = 5*c**3 - 43*c**2 - 367*c - 26. Is x(41) a prime number?
True
Suppose 0 = 8*l - 65 + 9. Suppose -3*f = -l*f - 2*y + 10314, 0 = 5*f + y - 12894. Is f a prime number?
True
Is 660/1100 - (-248222)/5 a prime number?
False
Suppose 2*y - 18 = -2*f, -4*f = -f + 2*y - 24. Suppose 4*x - f = 14. Suppose a = x*a - 148. Is a a composite number?
False
Let h = 710 + -698. Let g be -4 - 0/((-6)/(-2)). Is 672 - (g/((-16)/h) + -4) composite?
False
Let v(g) = g + 7. Let o(h) = -h - 8. Let w(l) = -5*o(l) - 4*v(l). Let x be w(-6). Is ((-1918)/x)/(2/(-6)) a composite number?
True
Suppose 82*l - 87*l + 15 = 0. Suppose -6*w + l*w + 2088 = 0. Suppose -2*o + 6394 + w = 0. Is o a composite number?
True
Suppose -6*o = -0*o - 59484. Suppose -o = -6*t - 1628. Is t composite?
False
Let v = 109714 - 43493. Is v a prime number?
True
Let q = 305170 + -62747. Is q composite?
True
Let z be (2*(-4 + 43))/((-18)/(-1164)). Suppose -87*g + 91*g = z. Is g composite?
True
Let f(b) = 126*b**3 + 21*b**2 - 20*b + 4. Is f(7) a composite number?
False
Let v(j) = -2446*j - 197. Is v(-88) a prime number?
True
Suppose -3*g + 24 = 66. Let k(n) = n + 13. Let t be k(g). Is (-687*t/(-4))/(3/(-8)) composite?
True
Let x be 45/(-2) + (10/(-4))/(-5). Let t be x/(-88) - (114/8 + 2). Is 42374/8 + 76/t + 5 prime?
True
Suppose -3*o - 10 - 14 = 0. Let q = o + 13. Suppose -4*v = q*a - 3361, 5*v = 5*a - 1393 - 1977. Is a a prime number?
True
Let h(a) = -a**3 + 18*a**2 + 165*a + 332. Is h(-38) composite?
True
Let w(r) = -33*r - 20. Let b(y) be the third derivative of -y**4/8 + y**3/3 - 12*y**2. Let k be b(3). Is w(k) prime?
True
Let r(v) = -v - 10. Let o be r(-13). Suppose 2*j = u - 4185, o*j + 5 + 7 = 0. Is u a prime number?
True
Suppose -2*h = 4*v + h + 10, 0 = -3*v - h - 10. Is 7/(56/8586) - (-1)/v a prime number?
False
Suppose 2*w + 114 = -2*g, 191 = -3*g - 0*w + 2*w. Let j = 121 + g. Suppose l = 23 + j. Is l prime?
True
Let i(b) = 7*b**3 - 13*b**2 + 14*b + 21. Is i(9) a prime number?
False
Let q be (-2)/4 + 25/2 + 0. Suppose -4 = -q*y + 8*y. Is 1 + (-1)/y + 35 a composite number?
True
Let j = 26494 + -12635. Is j a composite number?
False
Let u(t) = -12*t - 3. Let v be u(-1). Let w = -9 + v. Let p(n) = -n + 479. Is p(w) a prime number?
True
Suppose 838*i + 37498 = 2*v + 834*i, 2*i - 74966 = -4*v. Is v prime?
True
Let d = -1055 + -1915. Let a = -1627 - d. Is a a prime number?
False
Let x(v) = 36*v**2 - 34*v - 44. Let f be x(18). Is 15 - 6 - f*-1 a prime number?
False
Let h(v) = 13*v**2 - 13. Let b be h(-1). Suppose 4*m = -0*m + 16. Suppose m*y - 16834 = 3*t, 2*y = -b*y - 4*t + 8406. Is y composite?
True
Let j(b) = -44 + 1033*b + 167*b - 3 + 13 - 57. Is j(4) a composite number?
True
Let c(o) = 873*o**2 + 16*o - 75. Is c(26) a composite number?
False
Let n(k) = 14*k + 185. Let f be n(-13). Suppose -3*v = 5*b - 10534 - 5233, 6290 = 2*b - f*v. Is b a prime number?
False
Suppose 23358 - 523042 = 9*r - 3015850. Is r a composite number?
True
Let z(l) = -l**3 - 6*l**2 - 6*l - 3. Let j be z(-4). Let b(f) be the first derivative of -33*f**2/2 + 8*f - 1087. Is b(j) prime?
False
Is 1*21618298/(-39)*9/(-6) a composite number?
True
Suppose -4*u + 204*m + 324436 = 199*m, -4*m - 81109 = -u. Is u a prime number?
False
Suppose -4*b - d = -10084186, -2*b + 1586030 + 3456054 = -d. Is b prime?
False
Suppose 0 = 2*x + w - 336692, -6*w - 505011 = -3*x - 3*w. Is x prime?
False
Let p be (66/18)/((-1)/(-3)). Suppose p = 2*q - x, -3*x - 15 = q - 4*q. Is ((-6)/(-9))/(1/q) + 253 a prime number?
True
Suppose -34453 = 7*t + 30535. Let v = t + 13587. Is v prime?
False
Let k be (3/(-1 + 0))/((-4)/(-2292)). Is (-2)/3*2/(6/k) a composite number?
True
Let q(g) = 45*g - 85. Let m be q(2). Suppose -5*p + 10*j + 9580 = m*j, 0 = -5*p - 3*j + 9620. Is p prime?
False
Let w = 362 - 360. Suppose -w*j + 2*d + 15794 = 0, 4*j - 42753 + 11153 = d. Is j a composite number?
False
Let j be ((-3)/(-3))/1*53597 - 1. Suppose 184260 = 8*s + j. Is s a prime number?
True
Suppose -w - 3548421 + 162885 = -4*m, 5*m = -4*w + 4231920. Suppose -38*z = -713402 - m. Is z a prime number?
True
Let q be (3 - 7) + -1 - -5 - 1. Is (q - -7) + (27632 - 11) a prime number?
False
Is (-10104533)/(-49) + (-1162)/(-28469) prime?
False
Let f = -312896 + 218795. Is ((-55)/(-15) - 4)*f a prime number?
False
Let c(i) = 91*i**2 + 104*i**2 - 2*i**2 - 27 - 82 + 18*i. Is c(6) a composite number?
False
Let s(c) = 3964*c**2 + 34*c - 85. Is s(3) prime?
False
Suppose -9*f + 6*f = -6. Suppose -w + f*g - 3 = 10, -79 = 5*w + 4*g. Is (-1580)/(-3) - (w/(-9) + -2) composite?
True
Let q(m) = 571670*m**2 + 106*m + 105. Is q(-1) a composite number?
True
Let k(l) = l**3 + 18*l**2 - 25*l + 13. Let t(v) be the first derivative of -v**4/2 + 2*v**3 - 3*v**2 - v - 6. Let g be t(3). Is k(g) composite?
False
Let z be (-8 + 4)*2/4*-1. Let l be (-379*(-2 - -6))/(z/(-3)). Suppose -2*w + l = -y, y - 1164 + 4577 = 3*w. Is w composite?
True
Let y(x) = 1947*x**2 - 2*x - 3. Is y(-2) composite?
False
Suppose -7*a - 2004 + 9767 = 0. Suppose 0 = 3*k - 3812 + a. Is k a prime number?
False
Let i(z) = 6*z**3 - 15*z**2 - 17*z - 7. Let c be i(14). Suppose -7969 = -3*p - 0*f - f, -3*f + c = 5*p. Is p a composite number?
False
Suppose 12 = v + 2*v, 4*g = -3*v + 20. Let m be 4*(1041/g + -1). Suppose 4*x + 4*d - 1765 - 979 = 0, -m = -3*x + d. Is x prime?
True
Suppose 3*t = u + 42, 0*t + 2*u = 5*t - 71. Suppose -5*f + m + 13 = 0, 4*f = -5*m + t + 9. Suppose f*c - 4*l = 2094 - 29, 4*l + 2748 = 4*c. Is c prime?
True
Let j(m) = -12*m**2 - m - 30. Let i be j(-21). Let v = -1196 - i. Is v composite?
True
Let o(n) = 4*n**3 + n**2 - 20*n - 22. Let c be o(14). Suppose 0 = 2*a - 12*a + c. Is a composite?
False
Let u(q) = 5*q**3 + q**2 - 1. Let n be u(1). Let h(l) be the third derivative of l**6/12 + 7*l**5/60 - l**4/2 - 2*l**3/3 + 33*l**2. Is h(n) prime?
True
Let y be 41/3 + (-14 - (-516)/36). Suppose 3*u + 15 = 0, -15241 = -3*r + y*u - 12*u. Is r prime?
True
Let q be ((-68)/12 - 1)*(-36)/8. Let z(i) = i**3 - 28*i**2 - 62*i - 41. Let j be z(q). Let g = j - -112. Is g composite?
False
Let a be (-5 - -3)*(-1)/(-2). Let g(b) = 55*b - 140*b - 356*b - 26*b. Is g(a) a composite number?
False
Let n be 9922/6 - -7*5/(-21). Let k be (1 + -1)*2/4. Suppose k*j + n = 4*j. Is j a composite number?
True
Suppose 0 = -4*m + 188 + 64. Suppose -5*r + 145 = -10*r. Let q = r + m. Is q prime?
False
Let z be (2110/15)/((-1)/3*-2). Let g = 461 - z. Suppose 5*i = 4*i - h + 128, -2*i + 4*h = -g. Is i prime?
True
Let k(b) = b**3 + 7*b**2 + 6*b + 13. Let q be k(-6). Suppose 3*w = 5*z - 31, w = 5*z - 2*z - q. Let v = w + 258. Is v composite?
False
Let s = -194198 + 422235. Is s composite?
True
Let z(i) be the first derivative of i**6/60 + 3*i**5/20 + 7*i**4/24 - i**3/3 + 13. Let w(l) be the third derivative of z(l). Is w(-5) a composite number?
False
Let p = 232 - 220. Suppose 2*r - 2*n = n + 16829, 0 = -4*n + p. Is r a composite number?
False
Let k(j) = -127*j + 25*j - 21*j + 94 - 122. Let v = -1 + -4. Is k(v) composite?
False
Suppose 0 = -12*m + 429618 + 165978. Is m prime?
True
Is (-7)/3 + (-4674918)/(-549) prime?
True
Suppose p - 2015 = -3*g, 3*g - 2025 = -4*p + p. Let u = g + 119. Is u prime?
False
Let n = -24 - -